Is 45092326 composite?
True
Is 261047627 composite?
False
Is 478493 a composite number?
False
Is 2333887 composite?
False
Is 157037863 prime?
True
Is 280831003 a prime number?
True
Is 24910819 a composite number?
False
Is 3958909 prime?
False
Is 5487539 a composite number?
False
Is 64850077 a composite number?
False
Is 9582511 a composite number?
False
Is 3824209 a composite number?
True
Is 23039113 composite?
False
Is 367867391 a composite number?
True
Is 4031081 composite?
False
Is 1264897 composite?
False
Is 1334273 a composite number?
False
Is 615023 prime?
False
Is 2705663 a composite number?
False
Is 43769417 composite?
False
Is 17236367 a composite number?
True
Is 56982119 a prime number?
False
Is 1822693 prime?
True
Is 1805153 a composite number?
True
Is 8103289 a composite number?
False
Is 5532385 prime?
False
Is 22443107 a composite number?
False
Is 185454067 composite?
False
Is 32301229 composite?
False
Is 144969883 a composite number?
False
Is 2100913 prime?
True
Is 14483935 a composite number?
True
Is 3515117 composite?
True
Is 4140181 composite?
True
Is 642613 prime?
True
Is 74106257 composite?
False
Is 6774421 a prime number?
True
Is 849419 composite?
False
Is 3378773 a composite number?
True
Is 92385889 a composite number?
True
Is 4647619 a prime number?
False
Is 7453723 a composite number?
False
Is 2201273 a composite number?
False
Is 150125579 composite?
False
Is 16249726 a composite number?
True
Is 4532441 a composite number?
False
Is 167415637 a prime number?
False
Is 420661 a prime number?
False
Is 150646621 prime?
True
Is 21458527 prime?
True
Is 48149837 a composite number?
False
Is 210631 a composite number?
False
Is 24329 a prime number?
True
Is 70757 composite?
True
Is 36995261 a composite number?
True
Is 7871933 prime?
True
Is 6769051 a prime number?
True
Is 664205191 a prime number?
False
Is 9024593 a prime number?
True
Is 66239597 a composite number?
False
Is 1056689 prime?
False
Is 18696169 a composite number?
False
Is 517537 composite?
True
Is 230213 a prime number?
True
Is 5564453 a prime number?
True
Is 67020713 a prime number?
False
Is 594505291 a composite number?
True
Is 3704894 prime?
False
Is 5517979 a composite number?
True
Is 3425309 prime?
False
Is 461423 a composite number?
True
Is 1264411 a prime number?
True
Is 914845 composite?
True
Is 116465747 a composite number?
False
Is 28953077 a prime number?
True
Is 202894763 a prime number?
True
Is 152401967 a prime number?
True
Is 2673119 prime?
True
Is 413123 composite?
True
Is 766301 prime?
True
Is 9987539 prime?
True
Is 161313157 prime?
False
Is 120373447 a prime number?
False
Is 89251787 a prime number?
True
Is 14647811 a prime number?
False
Is 2289571 prime?
True
Is 16811 a prime number?
True
Is 257789737 a prime number?
False
Is 66557123 a prime number?
False
Is 497748239 a composite number?
False
Is 62214463 a prime number?
False
Is 112010443 prime?
True
Is 973367 prime?
True
Is 115138893 a composite number?
True
Is 4444753 prime?
True
Is 1529821 composite?
True
Is 9779173 composite?
True
Is 13211603 prime?
True
Is 1389383 a prime number?
True
Is 13282751 prime?
False
Is 593429 prime?
True
Is 27045917 prime?
True
Is 177467 prime?
True
Is 65919079 a prime number?
False
Is 77744867 a composite number?
False
Is 1222037 composite?
False
Is 2242129 a composite number?
False
Is 16896253 a prime number?
False
Is 88760143 composite?
False
Is 634031821 composite?
True
Is 7589917 composite?
True
Is 2666861 a composite number?
False
Is 2455291 prime?
False
Is 2047439 a composite number?
False
Is 2781521 prime?
True
Is 13940287 a prime number?
False
Is 72246701 a prime number?
True
Is 277932979 a prime number?
False
Is 2859037 composite?
True
Is 54110453 a prime number?
True
Is 20170357 prime?
False
Is 144185021 composite?
False
Is 1800287 composite?
True
Is 169095371 a prime number?
True
Is 1382162929 a prime number?
False
Is 1371073 a composite number?
True
Is 42475463 a composite number?
False
Is 124320369 a composite number?
True
Is 276676573 prime?
True
Is 5609789 a prime number?
False
Is 149797 a composite number?
True
Is 53393839 prime?
True
Is 87538553 prime?
True
Is 188652115 a composite number?
True
Is 14436733 composite?
False
Is 1176122309 composite?
False
Is 95364359 a composite number?
True
Is 1472199 composite?
True
Is 30740359 a composite number?
True
Is 338359 a prime number?
False
Is 2013149 composite?
True
Is 26430637 a composite number?
False
Is 7163869 a prime number?
True
Is 15041777 composite?
False
Is 1319518 composite?
True
Is 493303547 composite?
True
Is 294195533 composite?
False
Is 448242554 a composite number?
True
Is 1672127 a composite number?
True
Is 1820603 a composite number?
True
Is 2986129 composite?
False
Is 46943627 composite?
False
Is 5754253 composite?
True
Is 18439027 prime?
False
Is 8454269 a prime number?
True
Is 122914067 a composite number?
False
Is 490982209 a prime number?
False
Is 28831073 a composite number?
False
Is 41647355 composite?
True
Is 311175421 a composite number?
True
Is 50898077 a composite number?
False
Is 154914451 a composite number?
False
Is 212891957 a prime number?
True
Is 191255903 a composite number?
False
Is 73902799 a prime number?
False
Is 51246557 composite?
False
Is 1190897 a prime number?
True
Is 82855459 a prime number?
True
Is 8469709 composite?
False
Is 94407329 a composite number?
False
Is 58659893 a prime number?
True
Is 2303377 prime?
True
Is 11790599 a prime number?
True
Is 173053301 composite?
False
Is 336110858 a composite number?
True
Is 18086539 composite?
False
Is 176708191 a prime number?
False
Is 1003903 a prime number?
False
Is 1199761891 a prime number?
True
Is 526357267 composite?
True
Is 96581 prime?
True
Is 75048154 a composite number?
True
Is 3258601 composite?
False
Is 12443839 a composite number?
True
Is 9361103 prime?
True
Is 3232571 a composite number?
True
Is 1705351 composite?
True
Is 12548507 composite?
True
Is 199174849 a prime number?
False
Is 18223841 composite?
False
Is 439601 prime?
True
Is 107046091 composite?
False
Is 9502583 composite?
False
Is 53684357 prime?
True
Is 38909807 a prime number?
True
Is 11553887 a prime number?
True
Is 587904649 composite?
True
Is 39711601 prime?
True
Is 203117 composite?
False
Is 23597159 a prime number?
True
Is 10725617 a composite number?
True
Is 1578103 a composite number?
True
Is 1267727 prime?
True
Is 55791761 a composite number?
False
Is 5401003 prime?
True
Is 63700699 prime?
False
Is 15086963 prime?
True
Is 493778 a prime number?
False
Is 1208179 a composite number?
True
Is 2789993 a prime number?
True
Is 5826503 prime?
True
Is 53585899 a prime number?
True
Is 69718641 a prime number?
False
Is 217157 composite?
False
Is 4154303 a prime number?
True
Is 430549 a prime number?
False
Is 152092805 a composite number?
True
Is 1549699 composite?
False
Is 667859 a prime number?
True
Is 33819223 prime?
False
Is 57443081 prime?
True
Is 12354253 a composite number?
False
Is 13129973 prime?
False
Is 1455454427 prime?
False
Is 900409 prime?
True
Is 22720391 prime?
True
Is 90911323 a composite number?
False
Is 1021100779 a prime number?
True
Is 1684187 composite?
False
Is 183035381 a prime number?
True
Is 2650463 composite?
False
Is 44813409 a prime number?
False
Is 711971 a prime number?
False
Is 26927207 a composite number?
False
Is 54549301 a prime number?
True
Is 455635763 a prime number?
False
Is 2834399 prime?
True
Is 25809443 composite?
True
Is 18510641 composite?
False
Is 169452067 composite?
True
Is 24901001 composite?
True
Is 15665449 a composite number?
True
Is 54323673 prime?
False
Is 8464109 a prime number?
True
Is 485723317 composite?
False
Is 31667843 prime?
False
Is 146262913 a composite number?
False
Is 4186921 composite?
True
Is 1554337 a prime number?
False
Is 199209541 a composite number?
False
Is 12098893 a composite number?
True
Is 315781951 composite?
False
Is 2761267 prime?
True
Is 77588779 prime?
True
Is 58043 composite?
False
Is 1114051 a composite number?
True
Is 105407 a prime number?
True
Is 4622573 prime?
True
Is 30832385 composite?
True
Is 30519787 prime?
False
Is 55112987 composite?
False
Is 80316559 composite?
False
Is 204329131 a prime number?
True
Is 2642287 a composite number?
False
Is 1452